3786 is divided by 38532?
6722
What is the remainder when 7890142 is divided by 18222?
16
What is the remainder when 5607729 is divided by 11?
6
What is the remainder when 16822989 is divided by 647038?
1
Calculate the remainder when 10177082 is divided by 9.
8
Calculate the remainder when 97479 is divided by 200.
79
Calculate the remainder when 2128933 is divided by 303985.
1038
What is the remainder when 9417199 is divided by 941718?
19
Calculate the remainder when 102144170 is divided by 52.
50
What is the remainder when 21914 is divided by 4251?
659
What is the remainder when 108113 is divided by 53863?
387
Calculate the remainder when 3931765 is divided by 497.
495
Calculate the remainder when 123610 is divided by 125.
110
What is the remainder when 2629731 is divided by 525946?
1
What is the remainder when 158871 is divided by 30783?
4956
Calculate the remainder when 92403 is divided by 2616.
843
What is the remainder when 226897 is divided by 1392?
1
What is the remainder when 23515018 is divided by 90?
88
Calculate the remainder when 212270 is divided by 237.
155
What is the remainder when 8243273 is divided by 1553?
1502
What is the remainder when 1512901 is divided by 277?
204
Calculate the remainder when 8138 is divided by 4001.
136
Calculate the remainder when 1454771 is divided by 484917.
20
What is the remainder when 12196476 is divided by 5657?
5641
What is the remainder when 424038009 is divided by 12?
9
Calculate the remainder when 615728 is divided by 2918.
30
What is the remainder when 80008540 is divided by 5000531?
44
What is the remainder when 69809 is divided by 69767?
42
Calculate the remainder when 15119573 is divided by 83533.
100
Calculate the remainder when 945720 is divided by 2071.
1344
What is the remainder when 1015343 is divided by 145039?
70
What is the remainder when 20363 is divided by 2361?
1475
Calculate the remainder when 303041 is divided by 546.
11
Calculate the remainder when 1186403927 is divided by 57.
56
Calculate the remainder when 74708019 is divided by 265.
14
Calculate the remainder when 190500 is divided by 3019.
303
What is the remainder when 372523 is divided by 1077?
958
Calculate the remainder when 5824434 is divided by 125.
59
Calculate the remainder when 75664310 is divided by 1747.
1740
What is the remainder when 6718756 is divided by 49?
23
Calculate the remainder when 15143814 is divided by 134016.
6
Calculate the remainder when 43823 is divided by 2481.
1646
What is the remainder when 11033 is divided by 3046?
1895
Calculate the remainder when 74001836 is divided by 5285842.
48
Calculate the remainder when 55843141 is divided by 2083.
2077
What is the remainder when 2442956 is divided by 1563?
1550
What is the remainder when 1440811 is divided by 9?
1
What is the remainder when 28898 is divided by 1611?
1511
Calculate the remainder when 9065747 is divided by 148.
7
Calculate the remainder when 1395053 is divided by 180.
53
Calculate the remainder when 3590679 is divided by 4151.
64
Calculate the remainder when 260903 is divided by 14468.
479
What is the remainder when 11068849 is divided by 26?
25
What is the remainder when 3076 is divided by 2844?
232
Calculate the remainder when 610940 is divided by 3413.
13
Calculate the remainder when 1216930 is divided by 86913.
148
Calculate the remainder when 720050 is divided by 132.
122
What is the remainder when 2172255 is divided by 8452?
91
What is the remainder when 5870043 is divided by 1097?
1093
Calculate the remainder when 16658595 is divided by 1630.
1625
What is the remainder when 1042952 is divided by 1491?
743
What is the remainder when 496570 is divided by 5456?
74
Calculate the remainder when 221190 is divided by 406.
326
Calculate the remainder when 82142012 is divided by 383.
2
Calculate the remainder when 53317 is divided by 986.
73
What is the remainder when 326846 is divided by 791?
163
Calculate the remainder when 49096 is divided by 3169.
1561
What is the remainder when 18845145 is divided by 348984?
9
What is the remainder when 779878 is divided by 26892?
10
What is the remainder when 136297 is divided by 18398?
7511
What is the remainder when 1778694 is divided by 154?
148
What is the remainder when 2019926 is divided by 309?
302
Calculate the remainder when 2596626 is divided by 223.
14
Calculate the remainder when 11877225 is divided by 45.
15
Calculate the remainder when 2590116 is divided by 7897.
7797
What is the remainder when 744111 is divided by 125?
111
Calculate the remainder when 64774 is divided by 2118.
1234
What is the remainder when 48187 is divided by 1092?
139
Calculate the remainder when 22073426 is divided by 160.
146
Calculate the remainder when 9361460 is divided by 3120485.
5
Calculate the remainder when 93191 is divided by 5488.
5383
Calculate the remainder when 52791215 is divided by 7.
1
Calculate the remainder when 1019849 is divided by 24873.
56
Calculate the remainder when 2326460 is divided by 319.
312
What is the remainder when 6096 is divided by 54?
48
What is the remainder when 74552 is divided by 838?
808
What is the remainder when 6053670 is divided by 405?
135
Calculate the remainder when 9587 is divided by 2349.
191
What is the remainder when 48185051 is divided by 48185039?
12
Calculate the remainder when 1190932614 is divided by 12.
6
Calculate the remainder when 36054365 is divided by 275224.
21
What is the remainder when 5916 is divided by 216?
84
What is the remainder when 143981823 is divided by 112?
111
Calculate the remainder when 12852972 is divided by 8563.
8472
What is the remainder when 22521701 is divided by 357?
356
Calculate the remainder when 955144 is divided by 6632.
136
What is the remainder when 45129 is divided by 778?
5
Calculate the remainder when 2387802 is divided by 749.
739
Calculate the remainder when 179022 is divided by 262.
76
Calculate the remainder when 5140689 is divided by 2599.
2466
Calculate the remainder when 205284 is divided by 5122.
404
Calculate the remainder when 226549 is divided by 113261.
27
Calculate the remainder when 1224762 is divided by 162.
42
Calculate the remainder when 6664488 is divided by 3332236.
16
What is the remainder when 1901805 is divided by 1504?
749
Calculate the remainder when 1613074 is divided by 39343.
11
Calculate the remainder when 287708 is divided by 7981.
392
Calculate the remainder when 4445560 is divided by 3281.
3086
Calculate the remainder when 5282837 is divided by 37203.
11
Calculate the remainder when 2880153 is divided by 480022.
21
What is the remainder when 289149599 is divided by 475?
474
Calculate the remainder when 1400034 is divided by 174996.
66
What is the remainder when 860658 is divided by 1359?
411
Calculate the remainder when 1035918 is divided by 9338.
8738
What is the remainder when 12065179 is divided by 37?
34
Calculate the remainder when 5067165 is divided by 2775.
15
What is the remainder when 939554 is divided by 19?
4
Calculate the remainder when 48957851 is divided by 566.
549
Calculate the remainder when 27831 is divided by 5244.
1611
Calculate the remainder when 181746 is divided by 60520.
186
Calculate the remainder when 4559144 is divided by 11314.
10916
Calculate the remainder when 2588136 is divided by 267.
105
What is the remainder when 64098735 is divided by 1929?
1923
What is the remainder when 309490 is divided by 11902?
38
What is the remainder when 3774622 is divided by 24833?
6
Calculate the remainder when 471002 is divided by 902.
158
What is the remainder when 489508 is divided by 721?
670
What is the remainder when 3653095 is divided by 10?
5
What is the remainder when 2274657 is divided by 9847?
0
What is the remainder when 6161185 is divided by 6287?
6212
What is the remainder when 442688 is divided by 1314?
1184
Calculate the remainder when 6162634 is divided by 6162629.
5
Calculate the remainder when 253294 is divided by 50639.
99
What is the remainder when 139878 is divided by 3205?
2063
Calculate the remainder when 188115717 is divided by 390.
387
What is the remainder when 13944263 is divided by 1267658?
25
What is the remainder when 54235 is divided by 440?
115
What is the remainder when 3402472 is divided by 10437?
10
Calculate the remainder when 72219 